{"id":1675,"date":"2023-08-14T11:13:44","date_gmt":"2023-08-14T14:13:44","guid":{"rendered":"https:\/\/impulsionarcarreiras.com.br\/?page_id=1675"},"modified":"2023-09-05T08:02:10","modified_gmt":"2023-09-05T11:02:10","slug":"carreiras","status":"publish","type":"page","link":"https:\/\/impulsionarcarreiras.com.br\/index.php\/carreiras\/","title":{"rendered":"Carreiras"},"content":{"rendered":"\t\t<div data-elementor-type=\"wp-page\" data-elementor-id=\"1675\" class=\"elementor elementor-1675\">\n\t\t\t\t\t\t<section class=\"penci-section penci-dmcheck penci-elbg-activate penci-disSticky penci-structure-20 elementor-section elementor-top-section elementor-element elementor-element-5b52b350 elementor-section-content-middle elementor-section-boxed elementor-section-height-default elementor-section-height-default\" data-id=\"5b52b350\" data-element_type=\"section\" data-settings=\"{&quot;background_background&quot;:&quot;classic&quot;}\">\n\t\t\t\t\t\t<div class=\"elementor-container elementor-column-gap-extended\">\n\t\t\t\t\t<div class=\"penci-ercol-50 penci-ercol-order-1 penci-sticky-ct  penci-dmcheck penci-elbg-activate  elementor-column elementor-col-50 elementor-top-column elementor-element elementor-element-44986c8d\" data-id=\"44986c8d\" data-element_type=\"column\" data-settings=\"{&quot;background_background&quot;:&quot;classic&quot;}\">\n\t\t\t<div class=\"elementor-widget-wrap elementor-element-populated\">\n\t\t\t\t\t\t<div class=\"elementor-element elementor-element-5ae0eb04 elementor-widget elementor-widget-image\" data-id=\"5ae0eb04\" data-element_type=\"widget\" data-widget_type=\"image.default\">\n\t\t\t\t<div class=\"elementor-widget-container\">\n\t\t\t\t\t\t\t\t\t\t\t\t\t\t\t<img fetchpriority=\"high\" decoding=\"async\" width=\"700\" height=\"852\" src=\"https:\/\/impulsionarcarreiras.com.br\/wp-content\/uploads\/2023\/08\/carreiras.png\" class=\"attachment-large size-large wp-image-1701\" alt=\"carreiras como impulsionar\" srcset=\"https:\/\/impulsionarcarreiras.com.br\/wp-content\/uploads\/2023\/08\/carreiras.png 700w, https:\/\/impulsionarcarreiras.com.br\/wp-content\/uploads\/2023\/08\/carreiras-246x300.png 246w, https:\/\/impulsionarcarreiras.com.br\/wp-content\/uploads\/2023\/08\/carreiras-585x712.png 585w\" sizes=\"(max-width: 700px) 100vw, 700px\" \/>\t\t\t\t\t\t\t\t\t\t\t\t\t\t\t<\/div>\n\t\t\t\t<\/div>\n\t\t\t\t\t<\/div>\n\t\t<\/div>\n\t\t\t\t<div class=\"penci-ercol-50 penci-ercol-order-2 penci-sticky-ct    elementor-column elementor-col-50 elementor-top-column elementor-element elementor-element-5c673afd\" data-id=\"5c673afd\" data-element_type=\"column\">\n\t\t\t<div class=\"elementor-widget-wrap elementor-element-populated\">\n\t\t\t\t\t\t<div class=\"elementor-element elementor-element-6e46a553 elementor-widget__width-initial elementor-widget elementor-widget-penci-fancy_heading\" data-id=\"6e46a553\" data-element_type=\"widget\" data-widget_type=\"penci-fancy_heading.default\">\n\t\t\t\t<div class=\"elementor-widget-container\">\n\t\t\t\t\t\t\t<div class=\"penci-fancy-heading penci-heading-text-left\">\r\n\t\t\t<div class=\"penci-fancy-heading-inner\">\r\n\t\t\t\t<div class=\"penci-heading-subtitle\">Explorando diferentes caminhos<\/div><h2 class=\"penci-heading-title\"><span class=\"inner-tit\">Carreiras:<\/span><\/h2><div class=\"penci-heading-content entry-content\"><p>Bem-vindo \u00e0 nossa p\u00e1gina dedicada a desvendar os variados horizontes de carreira dispon\u00edveis para <B>impulsionar o seu sucesso profissional<\/B>.<br \/>\nAqui, mergulharemos de cabe\u00e7a nos quatro principais tipos de carreira que moldam o cen\u00e1rio profissional atual: o Servi\u00e7o P\u00fablico, a Iniciativa Privada, os Profissionais Liberais e os Empreendedores.<\/p>\n<\/div>\t\t\t<\/div>\r\n\t\t<\/div>\r\n\t\t\t\t\t\t<\/div>\n\t\t\t\t<\/div>\n\t\t\t\t\t<\/div>\n\t\t<\/div>\n\t\t\t\t\t<\/div>\n\t\t<\/section>\n\t\t<div class=\"elementor-element elementor-element-9c77bf0 e-flex e-con-boxed e-con e-parent\" data-id=\"9c77bf0\" data-element_type=\"container\">\n\t\t\t\t\t<div class=\"e-con-inner\">\n\t\t\t\t\t<\/div>\n\t\t\t\t<\/div>\n\t\t\t\t<section class=\"penci-section penci-dmcheck penci-elbg-activate penci-disSticky penci-structure-10 elementor-section elementor-top-section elementor-element elementor-element-23872d3c elementor-section-boxed elementor-section-height-default elementor-section-height-default\" data-id=\"23872d3c\" data-element_type=\"section\" data-settings=\"{&quot;background_background&quot;:&quot;classic&quot;,&quot;shape_divider_bottom&quot;:&quot;split&quot;}\">\n\t\t\t\t\t<div class=\"elementor-shape elementor-shape-bottom\" data-negative=\"false\">\n\t\t\t<svg xmlns=\"http:\/\/www.w3.org\/2000\/svg\" viewBox=\"0 0 1000 20\" preserveAspectRatio=\"none\">\n\t<path class=\"elementor-shape-fill\" d=\"M0,0v3c0,0,393.8,0,483.4,0c9.2,0,16.6,7.4,16.6,16.6c0-9.1,7.4-16.6,16.6-16.6C606.2,3,1000,3,1000,3V0H0z\"\/>\n<\/svg>\t\t<\/div>\n\t\t\t\t\t<div class=\"elementor-container elementor-column-gap-no\">\n\t\t\t\t\t<div class=\"penci-ercol-100 penci-ercol-order-1 penci-sticky-ct    elementor-column elementor-col-100 elementor-top-column elementor-element elementor-element-fa3de0c\" data-id=\"fa3de0c\" data-element_type=\"column\">\n\t\t\t<div class=\"elementor-widget-wrap elementor-element-populated\">\n\t\t\t\t\t\t<div class=\"elementor-element elementor-element-713d863c elementor-widget elementor-widget-penci-fancy_heading\" data-id=\"713d863c\" data-element_type=\"widget\" data-widget_type=\"penci-fancy_heading.default\">\n\t\t\t\t<div class=\"elementor-widget-container\">\n\t\t\t\t\t\t\t<div class=\"penci-fancy-heading penci-heading-text-center pc-fctline\">\r\n\t\t\t<div class=\"penci-fancy-heading-inner\">\r\n\t\t\t\t<h3 class=\"penci-heading-title\"><span class=\"inner-tit\">Diferentes caminhos<\/span><\/h3><div class=\"penci-heading-content entry-content\"><p>No mundo repleto de oportunidades profissionais, a escolha de um caminho de carreira \u00e9 uma jornada que pode ser t\u00e3o emocionante quanto desafiadora.<br \/>\nA escolha entre <B>Servi\u00e7o P\u00fablico, Iniciativa Privada, Empreendedorismo ou se tornar um Profissional Liberal<\/B> n\u00e3o \u00e9 apenas uma sele\u00e7\u00e3o de carreira; \u00e9 uma decis\u00e3o que <B>molda a pr\u00f3pria jornada da vida<\/B>.<br \/>\nCada caminho tem suas pr\u00f3prias recompensas e desafios, e a busca pelo equil\u00edbrio entre paix\u00e3o, estabilidade financeira e realiza\u00e7\u00e3o pessoal \u00e9 um processo complexo.<\/p>\n<\/div>\t\t\t<\/div>\r\n\t\t<\/div>\r\n\t\t\t\t\t\t<\/div>\n\t\t\t\t<\/div>\n\t\t\t\t\t<\/div>\n\t\t<\/div>\n\t\t\t\t\t<\/div>\n\t\t<\/section>\n\t\t\t\t<section class=\"penci-section penci-dmcheck penci-elbg-activate penci-disSticky penci-structure-10 elementor-section elementor-top-section elementor-element elementor-element-5594075 elementor-section-boxed elementor-section-height-default elementor-section-height-default\" data-id=\"5594075\" data-element_type=\"section\" data-settings=\"{&quot;background_background&quot;:&quot;classic&quot;,&quot;shape_divider_bottom&quot;:&quot;split&quot;}\">\n\t\t\t\t\t<div class=\"elementor-shape elementor-shape-bottom\" data-negative=\"false\">\n\t\t\t<svg xmlns=\"http:\/\/www.w3.org\/2000\/svg\" viewBox=\"0 0 1000 20\" preserveAspectRatio=\"none\">\n\t<path class=\"elementor-shape-fill\" d=\"M0,0v3c0,0,393.8,0,483.4,0c9.2,0,16.6,7.4,16.6,16.6c0-9.1,7.4-16.6,16.6-16.6C606.2,3,1000,3,1000,3V0H0z\"\/>\n<\/svg>\t\t<\/div>\n\t\t\t\t\t<div class=\"elementor-container elementor-column-gap-no\">\n\t\t\t\t\t<div class=\"penci-ercol-100 penci-ercol-order-1 penci-sticky-ct    elementor-column elementor-col-100 elementor-top-column elementor-element elementor-element-f69fa19\" data-id=\"f69fa19\" data-element_type=\"column\">\n\t\t\t<div class=\"elementor-widget-wrap elementor-element-populated\">\n\t\t\t\t\t\t<div class=\"elementor-element elementor-element-3153532 elementor-widget__width-initial elementor-widget elementor-widget-penci-fancy_heading\" data-id=\"3153532\" data-element_type=\"widget\" data-widget_type=\"penci-fancy_heading.default\">\n\t\t\t\t<div class=\"elementor-widget-container\">\n\t\t\t\t\t\t\t<div class=\"penci-fancy-heading penci-heading-text-center pc-fctline\">\r\n\t\t\t<div class=\"penci-fancy-heading-inner\">\r\n\t\t\t\t<h3 class=\"penci-heading-title\"><span class=\"inner-tit\">Carreiras<\/span><\/h3><div class=\"penci-heading-subtitle\">Nos links abaixo, independente da sua carreira,  voc\u00ea ter\u00e1 acesso a artigos que podem te ajudar a dar o impulso que falta em sua vida profissional.<\/div>\t\t\t<\/div>\r\n\t\t<\/div>\r\n\t\t\t\t\t\t<\/div>\n\t\t\t\t<\/div>\n\t\t\t\t\t<\/div>\n\t\t<\/div>\n\t\t\t\t\t<\/div>\n\t\t<\/section>\n\t\t\t\t<section class=\"penci-section penci-dmcheck penci-elbg-activate penci-disSticky penci-structure-10 elementor-section elementor-top-section elementor-element elementor-element-6494f97a elementor-section-boxed elementor-section-height-default elementor-section-height-default\" data-id=\"6494f97a\" data-element_type=\"section\" data-settings=\"{&quot;background_background&quot;:&quot;classic&quot;}\">\n\t\t\t\t\t\t<div class=\"elementor-container elementor-column-gap-wide\">\n\t\t\t\t\t<div class=\"penci-ercol-100 penci-ercol-order-1 penci-sticky-ct    elementor-column elementor-col-100 elementor-top-column elementor-element elementor-element-3658f56f\" data-id=\"3658f56f\" data-element_type=\"column\">\n\t\t\t<div class=\"elementor-widget-wrap elementor-element-populated\">\n\t\t\t\t\t\t<div class=\"elementor-element elementor-element-5488e67c elementor-widget elementor-widget-penci-info-box\" data-id=\"5488e67c\" data-element_type=\"widget\" data-widget_type=\"penci-info-box.default\">\n\t\t\t\t<div class=\"elementor-widget-container\">\n\t\t\t\t\t        <div id=\"penci_info_box_15152\" class=\"penci-block-vc penci-info-box penci-ibox-float-left penci-view-stacked penci-shape-circle\">\r\n            <div class=\"penci-ibox-inner penci-animation-push\">\r\n\t\t\t\t<a class=\"penci-iboxwrap-overlay\" href=\"https:\/\/impulsionarcarreiras.com.br\/index.php\/carreiras\/empreendedorismo\/\" target=\"_blank\" rel=\"nofollow\"><\/a>\t\t\t\t<div class=\"penci-ibox-icon penci-ibox-icon--icon penci-icon penci-tibox-icon\"><a class=\"penci-ibox-icon-fa-fix\" href=\"https:\/\/impulsionarcarreiras.com.br\/index.php\/carreiras\/empreendedorismo\/\" target=\"_blank\" rel=\"nofollow\"><\/a><a class=\"penci-ibox-icon-fa\" href=\"https:\/\/impulsionarcarreiras.com.br\/index.php\/carreiras\/empreendedorismo\/\" target=\"_blank\" rel=\"nofollow\"><i class=\"penci-ibox-icon--i fa fa-cart-plus\" aria-hidden=\"true\"><\/i><\/a><\/div>                <div class=\"penci-ibox-content-wrap\">\r\n\t\t\t\t\t\t\t\t\t\t<h3\r\n                            class=\"penci-ibox-title\">Empreendedorismo<\/h3>\t\t\t\t\t\t\t\t\t\t                        <div class=\"penci-ibox-content\"><p>Dicas, tend\u00eancias, mercado<\/p>\n<\/div>\t\t\t\t\t                <\/div>\r\n            <\/div>\r\n        <\/div>\r\n\t\t\t\t\t\t<\/div>\n\t\t\t\t<\/div>\n\t\t\t\t<div class=\"elementor-element elementor-element-6e7dbadf elementor-widget elementor-widget-penci-info-box\" data-id=\"6e7dbadf\" data-element_type=\"widget\" data-widget_type=\"penci-info-box.default\">\n\t\t\t\t<div class=\"elementor-widget-container\">\n\t\t\t\t\t        <div id=\"penci_info_box_51886\" class=\"penci-block-vc penci-info-box penci-ibox-float-left penci-view-stacked penci-shape-circle\">\r\n            <div class=\"penci-ibox-inner penci-animation-push\">\r\n\t\t\t\t<a class=\"penci-iboxwrap-overlay\" href=\"https:\/\/impulsionarcarreiras.com.br\/index.php\/carreiras\/iniciativa-privada\/\" target=\"_blank\"><\/a>\t\t\t\t<div class=\"penci-ibox-icon penci-ibox-icon--icon penci-icon penci-tibox-icon\"><a class=\"penci-ibox-icon-fa-fix\" href=\"https:\/\/impulsionarcarreiras.com.br\/index.php\/carreiras\/iniciativa-privada\/\" target=\"_blank\"><\/a><a class=\"penci-ibox-icon-fa\" href=\"https:\/\/impulsionarcarreiras.com.br\/index.php\/carreiras\/iniciativa-privada\/\" target=\"_blank\"><i class=\"penci-ibox-icon--i fa fa-certificate\" aria-hidden=\"true\"><\/i><\/a><\/div>                <div class=\"penci-ibox-content-wrap\">\r\n\t\t\t\t\t\t\t\t\t\t<h3\r\n                            class=\"penci-ibox-title\">Iniciativa Privada<\/h3>\t\t\t\t\t\t\t\t\t\t                        <div class=\"penci-ibox-content\"><p>Oportunidades, Dicas, Crescimento<\/p>\n<\/div>\t\t\t\t\t                <\/div>\r\n            <\/div>\r\n        <\/div>\r\n\t\t\t\t\t\t<\/div>\n\t\t\t\t<\/div>\n\t\t\t\t<div class=\"elementor-element elementor-element-6c493407 elementor-widget elementor-widget-penci-info-box\" data-id=\"6c493407\" data-element_type=\"widget\" data-widget_type=\"penci-info-box.default\">\n\t\t\t\t<div class=\"elementor-widget-container\">\n\t\t\t\t\t        <div id=\"penci_info_box_21212\" class=\"penci-block-vc penci-info-box penci-ibox-float-left penci-view-stacked penci-shape-circle\">\r\n            <div class=\"penci-ibox-inner penci-animation-push\">\r\n\t\t\t\t<a class=\"penci-iboxwrap-overlay\" href=\"https:\/\/impulsionarcarreiras.com.br\/index.php\/carreiras\/profissionais-liberais\/\" target=\"_blank\" rel=\"nofollow\"><\/a>\t\t\t\t<div class=\"penci-ibox-icon penci-ibox-icon--icon penci-icon penci-tibox-icon\"><a class=\"penci-ibox-icon-fa-fix\" href=\"https:\/\/impulsionarcarreiras.com.br\/index.php\/carreiras\/profissionais-liberais\/\" target=\"_blank\" rel=\"nofollow\"><\/a><a class=\"penci-ibox-icon-fa\" href=\"https:\/\/impulsionarcarreiras.com.br\/index.php\/carreiras\/profissionais-liberais\/\" target=\"_blank\" rel=\"nofollow\"><i class=\"penci-ibox-icon--i fa fa-bullseye\" aria-hidden=\"true\"><\/i><\/a><\/div>                <div class=\"penci-ibox-content-wrap\">\r\n\t\t\t\t\t\t\t\t\t\t<h3\r\n                            class=\"penci-ibox-title\">Profissionais Liberais<\/h3>\t\t\t\t\t\t\t\t\t\t                        <div class=\"penci-ibox-content\"><p>Cursos, Oportunidades, Dicas<\/p>\n<\/div>\t\t\t\t\t                <\/div>\r\n            <\/div>\r\n        <\/div>\r\n\t\t\t\t\t\t<\/div>\n\t\t\t\t<\/div>\n\t\t\t\t<div class=\"elementor-element elementor-element-6892c1d elementor-widget elementor-widget-penci-info-box\" data-id=\"6892c1d\" data-element_type=\"widget\" data-widget_type=\"penci-info-box.default\">\n\t\t\t\t<div class=\"elementor-widget-container\">\n\t\t\t\t\t        <div id=\"penci_info_box_71120\" class=\"penci-block-vc penci-info-box penci-ibox-float-left penci-view-stacked penci-shape-circle\">\r\n            <div class=\"penci-ibox-inner penci-animation-push\">\r\n\t\t\t\t<a class=\"penci-iboxwrap-overlay\" href=\"https:\/\/impulsionarcarreiras.com.br\/index.php\/carreiras\/servico-publico\/\" target=\"_blank\" rel=\"nofollow\"><\/a>\t\t\t\t<div class=\"penci-ibox-icon penci-ibox-icon--icon penci-icon penci-tibox-icon\"><a class=\"penci-ibox-icon-fa-fix\" href=\"https:\/\/impulsionarcarreiras.com.br\/index.php\/carreiras\/servico-publico\/\" target=\"_blank\" rel=\"nofollow\"><\/a><a class=\"penci-ibox-icon-fa\" href=\"https:\/\/impulsionarcarreiras.com.br\/index.php\/carreiras\/servico-publico\/\" target=\"_blank\" rel=\"nofollow\"><i class=\"penci-ibox-icon--i fa fa-book\" aria-hidden=\"true\"><\/i><\/a><\/div>                <div class=\"penci-ibox-content-wrap\">\r\n\t\t\t\t\t\t\t\t\t\t<h3\r\n                            class=\"penci-ibox-title\">Servi\u00e7o P\u00fablico<\/h3>\t\t\t\t\t\t\t\t\t\t                        <div class=\"penci-ibox-content\"><p>Concursos, Congressos, Cursos<\/p>\n<\/div>\t\t\t\t\t                <\/div>\r\n            <\/div>\r\n        <\/div>\r\n\t\t\t\t\t\t<\/div>\n\t\t\t\t<\/div>\n\t\t\t\t\t<\/div>\n\t\t<\/div>\n\t\t\t\t\t<\/div>\n\t\t<\/section>\n\t\t<div class=\"elementor-element elementor-element-ba15ca6 e-flex e-con-boxed e-con e-parent\" data-id=\"ba15ca6\" data-element_type=\"container\">\n\t\t\t\t\t<div class=\"e-con-inner\">\n\t\t\t\t<div class=\"elementor-element elementor-element-266b174 elementor-widget-divider--view-line elementor-widget elementor-widget-divider\" data-id=\"266b174\" data-element_type=\"widget\" data-widget_type=\"divider.default\">\n\t\t\t\t<div class=\"elementor-widget-container\">\n\t\t\t\t\t\t\t<div class=\"elementor-divider\">\n\t\t\t<span class=\"elementor-divider-separator\">\n\t\t\t\t\t\t<\/span>\n\t\t<\/div>\n\t\t\t\t\t\t<\/div>\n\t\t\t\t<\/div>\n\t\t\t\t<div class=\"elementor-element elementor-element-76c4b0b elementor-widget elementor-widget-heading\" data-id=\"76c4b0b\" data-element_type=\"widget\" data-widget_type=\"heading.default\">\n\t\t\t\t<div class=\"elementor-widget-container\">\n\t\t\t\t\t<h2 class=\"elementor-heading-title elementor-size-default\">Caminhos, conquistas e desafios<\/h2>\t\t\t\t<\/div>\n\t\t\t\t<\/div>\n\t\t\t\t\t<\/div>\n\t\t\t\t<\/div>\n\t\t<div class=\"elementor-element elementor-element-b74cc3f e-flex e-con-boxed e-con e-parent\" data-id=\"b74cc3f\" data-element_type=\"container\">\n\t\t\t\t\t<div class=\"e-con-inner\">\n\t\t\t\t<div class=\"elementor-element elementor-element-937349a elementor-widget elementor-widget-text-editor\" data-id=\"937349a\" data-element_type=\"widget\" data-widget_type=\"text-editor.default\">\n\t\t\t\t<div class=\"elementor-widget-container\">\n\t\t\t\t\t\t\t\t\t<p><strong>O Compromisso P\u00fablico e a Demanda por Impacto<\/strong><\/p><p>Optar pelo Servi\u00e7o P\u00fablico \u00e9 abra\u00e7ar uma causa maior do que a pr\u00f3pria carreira. A busca por justi\u00e7a social, educa\u00e7\u00e3o de qualidade e servi\u00e7os essenciais \u00e0 comunidade \u00e9 a for\u00e7a motriz de muitos que escolhem esse caminho. No entanto, o Servi\u00e7o P\u00fablico exige uma dose extra de resili\u00eancia, j\u00e1 que as complexidades burocr\u00e1ticas e as mudan\u00e7as pol\u00edticas podem muitas vezes dificultar a transforma\u00e7\u00e3o desejada. Encontrar um equil\u00edbrio entre a paix\u00e3o por servir e a capacidade de enfrentar desafios cont\u00ednuos \u00e9 uma tarefa \u00e1rdua.<\/p><p><strong>Os Dilemas da Iniciativa Privada e a Busca pelo Sucesso<\/strong><\/p><p>Na Iniciativa Privada, o terreno \u00e9 marcado por competitividade e inova\u00e7\u00e3o constante. Aqui, a busca pela excel\u00eancia profissional \u00e9 constantemente alimentada pelo desejo de crescimento, tanto pessoal quanto empresarial. No entanto, a trajet\u00f3ria na Iniciativa Privada n\u00e3o est\u00e1 isenta de incertezas e riscos. A press\u00e3o por atingir metas e a adapta\u00e7\u00e3o \u00e0s flutua\u00e7\u00f5es do mercado podem se mostrar desafiadoras. A capacidade de permanecer resiliente diante de adversidades e a disposi\u00e7\u00e3o de investir tempo e esfor\u00e7o no autodesenvolvimento s\u00e3o cruciais para alcan\u00e7ar o sucesso.<\/p><p><strong>O Empreendedorismo: Entre o Sonho e a Realidade<\/strong><\/p><p>O Empreendedorismo, por sua vez, \u00e9 um convite \u00e0 cria\u00e7\u00e3o e \u00e0 autonomia. Transformar uma ideia em um neg\u00f3cio pr\u00f3spero \u00e9 uma jornada emocionante, mas tamb\u00e9m repleta de incertezas. A liberdade de moldar o pr\u00f3prio destino profissional \u00e9 acompanhada pela necessidade de tomar decis\u00f5es dif\u00edceis e enfrentar poss\u00edveis fracassos. A disposi\u00e7\u00e3o de abra\u00e7ar riscos calculados, aprender com erros e manter uma vis\u00e3o de longo prazo s\u00e3o fatores decisivos na trajet\u00f3ria empreendedora.<\/p><p><strong>Profissional Liberal: Desafios e Conquistas<\/strong><\/p><p>Escolher a carreira de Profissional Liberal \u00e9 como embarcar em uma jornada emocionante, mas repleta de desafios singulares. Enquanto essa escolha oferece uma dose \u00fanica de liberdade e autodetermina\u00e7\u00e3o, tamb\u00e9m demanda uma mentalidade resiliente e a capacidade de enfrentar os altos e baixos de uma trajet\u00f3ria independente.<\/p>\t\t\t\t\t\t\t\t<\/div>\n\t\t\t\t<\/div>\n\t\t\t\t\t<\/div>\n\t\t\t\t<\/div>\n\t\t\t\t<\/div>\n\t\t","protected":false},"excerpt":{"rendered":"<p>Explorando diferentes caminhos Carreiras: Bem-vindo \u00e0 nossa p\u00e1gina dedicada a desvendar os variados horizontes de&hellip;<\/p>\n","protected":false},"author":1,"featured_media":0,"parent":0,"menu_order":0,"comment_status":"closed","ping_status":"closed","template":"","meta":{"content-type":"","footnotes":""},"yoast_head":"<!-- This site is optimized with the Yoast SEO plugin v21.2 - https:\/\/yoast.com\/wordpress\/plugins\/seo\/ -->\n<title>Carreiras - Impulsionar Carreiras<\/title>\n<meta name=\"description\" content=\"Nesta p\u00e1gina voc\u00ea encontra artigos importantes para impulsionar sua carreira. Servi\u00e7o p\u00fablico, Privado, Provissionais liberais e Empreendedor\" \/>\n<meta name=\"robots\" content=\"index, follow, max-snippet:-1, max-image-preview:large, max-video-preview:-1\" \/>\n<link rel=\"canonical\" href=\"https:\/\/impulsionarcarreiras.com.br\/index.php\/carreiras\/\" \/>\n<meta property=\"og:locale\" content=\"en_US\" \/>\n<meta property=\"og:type\" content=\"article\" \/>\n<meta property=\"og:title\" content=\"Carreiras - Impulsionar Carreiras\" \/>\n<meta property=\"og:description\" content=\"Nesta p\u00e1gina voc\u00ea encontra artigos importantes para impulsionar sua carreira. Servi\u00e7o p\u00fablico, Privado, Provissionais liberais e Empreendedor\" \/>\n<meta property=\"og:url\" content=\"https:\/\/impulsionarcarreiras.com.br\/index.php\/carreiras\/\" \/>\n<meta property=\"og:site_name\" content=\"Impulsionar Carreiras\" \/>\n<meta property=\"article:modified_time\" content=\"2023-09-05T11:02:10+00:00\" \/>\n<meta property=\"og:image\" content=\"https:\/\/impulsionarcarreiras.com.br\/wp-content\/uploads\/2023\/08\/carreiras.png\" \/>\n<meta name=\"twitter:card\" content=\"summary_large_image\" \/>\n<meta name=\"twitter:label1\" content=\"Est. reading time\" \/>\n\t<meta name=\"twitter:data1\" content=\"3 minutes\" \/>\n<script type=\"application\/ld+json\" class=\"yoast-schema-graph\">{\"@context\":\"https:\/\/schema.org\",\"@graph\":[{\"@type\":\"WebPage\",\"@id\":\"https:\/\/impulsionarcarreiras.com.br\/index.php\/carreiras\/\",\"url\":\"https:\/\/impulsionarcarreiras.com.br\/index.php\/carreiras\/\",\"name\":\"Carreiras - Impulsionar Carreiras\",\"isPartOf\":{\"@id\":\"https:\/\/impulsionarcarreiras.com.br\/#website\"},\"datePublished\":\"2023-08-14T14:13:44+00:00\",\"dateModified\":\"2023-09-05T11:02:10+00:00\",\"description\":\"Nesta p\u00e1gina voc\u00ea encontra artigos importantes para impulsionar sua carreira. Servi\u00e7o p\u00fablico, Privado, Provissionais liberais e Empreendedor\",\"breadcrumb\":{\"@id\":\"https:\/\/impulsionarcarreiras.com.br\/index.php\/carreiras\/#breadcrumb\"},\"inLanguage\":\"en-US\",\"potentialAction\":[{\"@type\":\"ReadAction\",\"target\":[\"https:\/\/impulsionarcarreiras.com.br\/index.php\/carreiras\/\"]}]},{\"@type\":\"BreadcrumbList\",\"@id\":\"https:\/\/impulsionarcarreiras.com.br\/index.php\/carreiras\/#breadcrumb\",\"itemListElement\":[{\"@type\":\"ListItem\",\"position\":1,\"name\":\"In\u00edcio\",\"item\":\"https:\/\/impulsionarcarreiras.com.br\/\"},{\"@type\":\"ListItem\",\"position\":2,\"name\":\"Carreiras\"}]},{\"@type\":\"WebSite\",\"@id\":\"https:\/\/impulsionarcarreiras.com.br\/#website\",\"url\":\"https:\/\/impulsionarcarreiras.com.br\/\",\"name\":\"Impulsionar Carreiras\",\"description\":\"\",\"potentialAction\":[{\"@type\":\"SearchAction\",\"target\":{\"@type\":\"EntryPoint\",\"urlTemplate\":\"https:\/\/impulsionarcarreiras.com.br\/?s={search_term_string}\"},\"query-input\":\"required name=search_term_string\"}],\"inLanguage\":\"en-US\"}]}<\/script>\n<!-- \/ Yoast SEO plugin. -->","yoast_head_json":{"title":"Carreiras - Impulsionar Carreiras","description":"Nesta p\u00e1gina voc\u00ea encontra artigos importantes para impulsionar sua carreira. Servi\u00e7o p\u00fablico, Privado, Provissionais liberais e Empreendedor","robots":{"index":"index","follow":"follow","max-snippet":"max-snippet:-1","max-image-preview":"max-image-preview:large","max-video-preview":"max-video-preview:-1"},"canonical":"https:\/\/impulsionarcarreiras.com.br\/index.php\/carreiras\/","og_locale":"en_US","og_type":"article","og_title":"Carreiras - Impulsionar Carreiras","og_description":"Nesta p\u00e1gina voc\u00ea encontra artigos importantes para impulsionar sua carreira. Servi\u00e7o p\u00fablico, Privado, Provissionais liberais e Empreendedor","og_url":"https:\/\/impulsionarcarreiras.com.br\/index.php\/carreiras\/","og_site_name":"Impulsionar Carreiras","article_modified_time":"2023-09-05T11:02:10+00:00","og_image":[{"url":"https:\/\/impulsionarcarreiras.com.br\/wp-content\/uploads\/2023\/08\/carreiras.png"}],"twitter_card":"summary_large_image","twitter_misc":{"Est. reading time":"3 minutes"},"schema":{"@context":"https:\/\/schema.org","@graph":[{"@type":"WebPage","@id":"https:\/\/impulsionarcarreiras.com.br\/index.php\/carreiras\/","url":"https:\/\/impulsionarcarreiras.com.br\/index.php\/carreiras\/","name":"Carreiras - Impulsionar Carreiras","isPartOf":{"@id":"https:\/\/impulsionarcarreiras.com.br\/#website"},"datePublished":"2023-08-14T14:13:44+00:00","dateModified":"2023-09-05T11:02:10+00:00","description":"Nesta p\u00e1gina voc\u00ea encontra artigos importantes para impulsionar sua carreira. Servi\u00e7o p\u00fablico, Privado, Provissionais liberais e Empreendedor","breadcrumb":{"@id":"https:\/\/impulsionarcarreiras.com.br\/index.php\/carreiras\/#breadcrumb"},"inLanguage":"en-US","potentialAction":[{"@type":"ReadAction","target":["https:\/\/impulsionarcarreiras.com.br\/index.php\/carreiras\/"]}]},{"@type":"BreadcrumbList","@id":"https:\/\/impulsionarcarreiras.com.br\/index.php\/carreiras\/#breadcrumb","itemListElement":[{"@type":"ListItem","position":1,"name":"In\u00edcio","item":"https:\/\/impulsionarcarreiras.com.br\/"},{"@type":"ListItem","position":2,"name":"Carreiras"}]},{"@type":"WebSite","@id":"https:\/\/impulsionarcarreiras.com.br\/#website","url":"https:\/\/impulsionarcarreiras.com.br\/","name":"Impulsionar Carreiras","description":"","potentialAction":[{"@type":"SearchAction","target":{"@type":"EntryPoint","urlTemplate":"https:\/\/impulsionarcarreiras.com.br\/?s={search_term_string}"},"query-input":"required name=search_term_string"}],"inLanguage":"en-US"}]}},"_links":{"self":[{"href":"https:\/\/impulsionarcarreiras.com.br\/index.php\/wp-json\/wp\/v2\/pages\/1675"}],"collection":[{"href":"https:\/\/impulsionarcarreiras.com.br\/index.php\/wp-json\/wp\/v2\/pages"}],"about":[{"href":"https:\/\/impulsionarcarreiras.com.br\/index.php\/wp-json\/wp\/v2\/types\/page"}],"author":[{"embeddable":true,"href":"https:\/\/impulsionarcarreiras.com.br\/index.php\/wp-json\/wp\/v2\/users\/1"}],"replies":[{"embeddable":true,"href":"https:\/\/impulsionarcarreiras.com.br\/index.php\/wp-json\/wp\/v2\/comments?post=1675"}],"version-history":[{"count":30,"href":"https:\/\/impulsionarcarreiras.com.br\/index.php\/wp-json\/wp\/v2\/pages\/1675\/revisions"}],"predecessor-version":[{"id":2438,"href":"https:\/\/impulsionarcarreiras.com.br\/index.php\/wp-json\/wp\/v2\/pages\/1675\/revisions\/2438"}],"wp:attachment":[{"href":"https:\/\/impulsionarcarreiras.com.br\/index.php\/wp-json\/wp\/v2\/media?parent=1675"}],"curies":[{"name":"wp","href":"https:\/\/api.w.org\/{rel}","templated":true}]}}